d be a(h). Let x = d - -10. What is q(x)?
-2
Let x(m) be the first derivative of m**2/2 - 3*m + 3. Let z = 4 + -1. Give x(z).
0
Let m(w) = 2*w**2 - w + 1. Let a(y) = -y**2 + 2*y. Let o(i) = -3*a(i) - 2*m(i). Suppose -3*t - 3*v - 6 = 0, -t + 2*v = 3 + 2. Give o(t).
1
Let l be 3*1 + (-3)/3. Let k(q) = 2 - l - q - 1 - 1. Suppose -3*o + 3 = v - 4, 0 = v + 2. What is k(o)?
-5
Let l(c) = -c. Let u(r) be the second derivative of -3*r**3/2 - r**2 - 2*r. Let a(k) = -6*l(k) + u(k). Suppose -5*s + 17 = -4*v - 5, -2 = -s. Calculate a(v).
7
Suppose 0 = 3*z - 2*z. Let r be (-3)/6 - 10/(-4). Let u(p) = 3 + p - r + 7. What is u(z)?
8
Suppose 3*h + z = 43, 2 = 3*z - 10. Suppose 5*v + h = -3*p, 3*v + 7 = -2*p - 0*p. Let o(s) be the first derivative of -s**2/2 - 4*s - 17. Calculate o(v).
1
Let o = 3 - 2. Let m be 5/(-10)*o*2. Let g(b) = 6*b**2 - b + 16. Let x(a) = a**2 + 3. Let h(w) = 2*g(w) - 11*x(w). Give h(m).
2
Let g(p) be the first derivative of p**2/2 + 6*p + 12. Calculate g(0).
6
Let k(i) = 8*i**2 - 3 - 10*i**2 + i**2 - 3*i. Let m be -2 - (-1)/(-2)*4. Calculate k(m).
-7
Let l(a) = -3*a - 2. Suppose 2*g = -2*g + 56. Let q be (-24)/g - (-2)/(-7). Determine l(q).
4
Let c(h) be the second derivative of h**6/60 - h**5/30 - h**4/24 - h**3/6 - 2*h**2 + 10*h. Let j(b) be the first derivative of c(b). Give j(2).
5
Suppose -n - 4*d = 11, d = -0*n + n - 4. Let h be 2*n/((-6)/9). Let y(z) = 2 - 2*z - 3*z**2 - z**3 - z**2 + 3*z**3 - 3*z**3. What is y(h)?
-1
Let u(i) = i + 2. Let s be (-1)/((-14)/3 - -5). Determine u(s).
-1
Let x(s) be the third derivative of 0*s - 5*s**2 + 1/3*s**4 + 1/6*s**3 + 0. Calculate x(-1).
-7
Let h be (9/(-15))/((-2)/10). Let p(k) = k**3 - 3*k**3 + k**3 - 2*k**2 + 2*k**h - 3*k - 3. Give p(3).
-3
Let k = 89 + -85. Let c(s) = s**3 - 3*s**2 - 4*s - 4. What is c(k)?
-4
Let v(j) = -j**2 + 3*j. Let l be (7 - 8)/(2/(-6)). Calculate v(l).
0
Let j(z) = -z**2 - 5*z + 1. Let y(i) = -2*i**2 - 8*i + 1. Let w(r) = 5*j(r) - 3*y(r). Determine w(4).
14
Suppose 6 = z - n, 2*n + 4 = -2*z - 0. Let o(l) = -z*l - 3*l + 5*l + 1 + 6*l. Calculate o(1).
7
Let h be (-2)/((-3)/(-3) + -2). Let m be (h - 4) + -1 + 2. Let f(t) = 4*t**3 + 1. Give f(m).
-3
Suppose 5*a - 26 = -1. Suppose a*i = -0*q - q - 18, 3*q = 6. Let p(h) be the first derivative of -h**2/2 - 9*h - 2. Give p(i).
-5
Let t be (-2 + 1/2)*(-10)/5. Let f(b) be the third derivative of 0 + 5/24*b**4 + 0*b - b**t - 1/60*b**5 - 2*b**2. Calculate f(5).
-6
Suppose 4*x - 7*v + 2 = -2*v, -18 = -5*x - 4*v. Let h(z) = -1 - 19*z**x + z + 4 + 42*z**2 - 20*z**2 - z**3. Give h(3).
6
Let o(a) = -2*a - 19*a + 13*a. Determine o(1).
-8
Suppose c + c - 6 = 0. Let i(m) = -2 + m + 5 - c + 6*m**3 - m**2. Suppose 4*g + 0*g - 4 = 0. Determine i(g).
6
Let i(g) = -g**2 + 3*g + 3. Let z be (-25)/(-2) - (-1)/(-2). Let o = 18 - 27. Let h = z + o. Give i(h).
3
Suppose -19 = -6*s + 17. Let z(g) be the first derivative of g**2/2 - 6*g + 1. Give z(s).
0
Let n(c) = c**2 + 3*c - 4. Let j = -111 - -107. Determine n(j).
0
Suppose 16*o = -4*o - 60. Let j(z) = -z**3 - 2*z**2 + 3*z + 3. Give j(o).
3
Let u = 129 - 134. Let f(j) = -j**3 - 5*j**2 - 2*j - 2. Calculate f(u).
8
Let i(t) = -t**3 - 3*t**2 + t - 4. Let j be ((-4)/8)/((-1)/(-24)). Let y = j + 3. Let x(r) = -r**2 - 9*r - 3. Let s be x(y). Calculate i(s).
-7
Suppose o + 18 = 2*i + 2*o, 4*i - 26 = 3*o. Let w(z) = z + 4. Give w(i).
12
Suppose 104 = -0*z - 13*z. Let w(b) = -b**2 - 8*b - 1. Calculate w(z).
-1
Let h(x) = -3*x - 3. Let o(r) = r**3 + 5*r**2 - 8*r - 9. Let l be o(-6). Let u = 1 - l. Calculate h(u).
3
Let v(i) = i**2 - 5*i + 7. Suppose 11 = 3*h - 4*x, 3*x = 1 + 2. Calculate v(h).
7
Let y(v) = 3*v**2 + 10*v + 8. Let x be y(-3). Let a(q) = -q**2 + 0 - 6 + 7*q + 4. Give a(x).
8
Let d(s) = -4*s - 1. Let c(g) = -g**3 - 4*g**2 + g + 2. Let q(j) = j + 1. Let w be q(3). Suppose w*x + 7 = -9. Let m be c(x). Give d(m).
7
Let j(d) = d**2 + 5*d + 4. Let i = -55 - -52. Calculate j(i).
-2
Suppose -2 + 0 = d. Let n(h) be the second derivative of -1/6*h**4 - 1/2*h**3 + 3*h + 0 - 1/2*h**2. Calculate n(d).
-3
Let q be 2/4*(0 + 2). Let l be (-5)/((2 - q) + 0). Let z be -1 - (-1 - -2)*l. Let u(b) = -2*b + 2. What is u(z)?
-6
Let h be 1/(1/5 - 0). Let v(t) = -4*t**3 - 4*t**2 - t + 3. Let g(i) = 7*i**3 + 7*i**2 + 2*i - 5. Let a = 0 - -3. Let s(o) = a*g(o) + h*v(o). Calculate s(-1).
-1
Let c(h) = h**2 + 3*h + 2. Let r be c(-1). Let k(a) = -a + 4. Determine k(r).
4
Let r(m) be the first derivative of 3*m**4 - 2*m**3/3 + m**2/2 - 8. Calculate r(1).
11
Let s(q) = -3*q**3 - q**2 + 7*q - 6. Let p(d) = 4*d**3 + d**2 - 6*d + 5. Let l(b) = 5*p(b) + 4*s(b). What is l(1)?
8
Let l(c) = 4*c + 4. Let b(f) = -f - 1. Let r(u) = 6*b(u) + l(u). Let p be 1/6 + 21/(-18). Let m = 1 - p. What is r(m)?
-6
Let a(o) = o - 2. Let j be (-5)/1 - (-3 + 1). Let b = -8 - -7. Let m be 0*1/j*b. Give a(m).
-2
Let h(s) = -s - 2. Let i(k) = -2*k - 5. Let v(t) = 5*h(t) - 2*i(t). What is v(-1)?
1
Let k(o) = o**2 - 2*o - 3. Let z = -6 + 10. Give k(z).
5
Let f(d) = 4*d**3 - d**2 + d. Let q = 6 + 0. Suppose 2*a + q = -4. Let n(x) = -7*x**3 + 2*x**2 - 2*x. Let r(j) = a*f(j) - 3*n(j). What is r(0)?
0
Let p(k) = 3*k**3 + 7*k**2 + 4*k - 4. Let h(r) = -r**3 - r**2 + 1. Let v(m) = 4*h(m) + p(m). Suppose 0 = -52*n + 75*n - 69. Determine v(n).
12
Let j(d) = -d**3 + 2*d**2 - 3*d + 2*d + 8 + 14*d**2 - 4*d**2. Let q be j(12). Let i(s) = s**3 + 3*s**2 - 2*s + 3. Determine i(q).
-5
Let v(t) = 2*t + 1. Let a(c) = c + 1. Let n(b) = 5*a(b) - 2*v(b). Give n(-8).
-5
Let j = 9 + -4. Suppose -5*t = 2*u + 21, 3*t = -2*u - 3 - 8. Let y(a) = -j - 5*a + a**u - 1 + 1. Give y(5).
-5
Let h(b) = -b**2 + b - 1. Let n(o) = -o**3 + 5*o**2 + o - 3. Let v(k) = h(k) + n(k). Suppose -a + 6*a - 2*s = 14, 0 = 3*a - 5*s + 3. Give v(a).
4
Let t(i) = i**3 + i**2 + 2. Suppose -3*p + d = 11, -5*p = -2*d - 1 + 21. Determine t(p).
-2
Let z(f) be the first derivative of f**6/120 + f**5/15 + f**4/12 - f**3/6 - 3*f**2 - 7. Let p(h) be the second derivative of z(h). What is p(-3)?
2
Let s(n) = 2*n + 2 - 3 + 0. Let f be ((-5)/10)/((-2)/(-4)). Give s(f).
-3
Let y(d) = -d**2 - 5*d + 8. Let j be y(-7). Let u be (j/9)/(4/30). Let c(n) = -n**3 - 4*n**2 + 3*n - 5. Determine c(u).
5
Let r be (3/(-6))/((-4)/8). Suppose f - 3 + r = 0. Suppose 24 = -5*v + 3*s, -4*s = f*v + s - 9. Let p(i) = i**2 + 5*i + 3. Calculate p(v).
-3
Let x(r) be the third derivative of r**7/2520 - r**6/360 + r**5/40 - r**4/8 - 3*r**2. Let h(n) be the second derivative of x(n). Determine h(3).
6
Let j(k) = 2*k + 5. Let u = 3 - 0. Let w = u - 8. Let z be j(w). Let r(b) = b**2 + 2*b - 7. Calculate r(z).
8
Suppose -3*l - 7 = -4*l. Let j(p) be the third derivative of -5*p**4/24 + p**3/3 - p**2. Let w(z) = -4*z + 2. Let k(o) = l*w(o) - 6*j(o). Calculate k(3).
8
Let i(m) be the second derivative of -m**5/20 - m**4/3 + 2*m**2 - 4*m. Determine i(-4).
4
Let t(q) = 2 + 3*q - q**2 + 2*q**2 + 0*q**2. Suppose r + 0*r = -2*a + 4, 0 = -4*r - 5*a + 7. Give t(r).
0
Suppose t - 5*t = -16. Let a = t + -8. Let g be a/2*1 + 0. Let h(s) = -s**3 - 3*s**2 - 2*s - 1. Calculate h(g).
-1
Let t(q) = -1 + 2*q + 2*q + 5*q. Suppose 0 = 3*u - u + 14. Let p(y) = y**3 + 8*y**2 + 8*y + 8. Let s be p(u). Calculate t(s).
8
Let y(q) = -q**2 - 6*q - 7. Suppose -7*l = -5*f - 4*l + 11, 5*l + 14 = 4*f. Let c(s) = -3*s - 2. Let r be c(f). Give y(r).
-2
Let y(b) = -b - 1. Let t(v) = v**3 + 5*v**2 - 3*v - 8. Let w(d) = -t(d) + 5*y(d). Give w(-4).
-5
Let b(h) = -3*h**2 - h - 1. Let l be b(-1). Let i(x) = -5 - 1 + x**3 + 3*x**2 + 4. Give i(l).
-2
Let i(u) = -u**2 - 4*u. Let b(f) = -f**2 + 8*f - 4. Let t be b(4). Let k be (8/t)/((-2)/(-9)). Suppose k*p + 5 = 2*w, 2*p - 4*w - 4 = w. Determine i(p).
3
Let b(q) = q**2 - 4*q. Let d be (-41 - -2) + 2 + -2. Let r be 1/(3/(0 - d)). Let p = 18 - r. Calculate b(p).
5
Let q(w) = -w + 2. Suppose 0 = -3*a - a - 12, 4*c - 5*a - 27 = 0. Suppose c*u - 6 = -0*u. Suppose -u*y - 5 = -3*y. Give q(y).
-3
Let j(v) = 7*v - 2 + v - 3*v - 4*v. Let q(m) = m**2 + m + 4. Let c be q(0). Suppose -c*z = 1 - 13. What is j(z)?
1
Let d(z) = z**2 - 2*z + 3. Let m be ((-6)/(-8))/((-1)/8). Let r(o) be the first derivative of o**2/2 + 9*o - 8. Let a be r(m). Calculate d(a).
6
Suppose -18 = -2*p - 2*j, -2*j - j - 45 = -5*p. Let s be -1*(-6 - (0 + 0)). Let t = s - 